ose 2174 = 3*d + 506. Let r = 563 - d. Let v(n) = 2*n**3 - 14*n**2 + 2*n - 13. Calculate v(r).
1
Let b(o) = 3*o**3 + 2*o**2 + o + 1. Let k(w) = -8*w**3 - 6*w**2 - 3*w + 10. Let a(u) = -3*b(u) - k(u). Calculate a(0).
-13
Let t(a) = -a**2 - 52. Let o(y) be the first derivative of 25*y**2 - 250*y + 134. Let u be o(5). Give t(u).
-52
Let v(i) = -53 + 38 - 54*i + 39 + 9. Determine v(3).
-129
Let a(l) be the second derivative of l**5/20 - l**4/2 + 2*l**3/3 - 37*l**2 - 5748*l. Determine a(7).
3
Let o be 13 + (-30)/6 - (16 - 4). Let y(k) = 6*k + 33. What is y(o)?
9
Let r(c) = -3*c + 2. Let n be (-27)/(-6)*(-8)/(-12). Let j be (1 + n - 7)*4/6. What is r(j)?
8
Let j(m) = 2571 + 610*m - 2577 - 600*m. Let n be -1*(-6 - (-2)/2). Calculate j(n).
44
Let r(u) = -u**2 + 4*u - 3. Let a(j) = j**2 - 6*j + 3. Let z(k) = 6*a(k) + 7*r(k). Let h be (((-120)/28)/(-3))/((-12)/84). What is z(h)?
-23
Let y(n) = -55*n - 146. Let u(r) = -32*r - 87. Let m(t) = -12*u(t) + 7*y(t). Calculate m(8).
14
Let l(u) = -u**3 - 10*u**2 - 39. Let d be -6 + (8/28*28)/(-2). Calculate l(d).
-39
Let i(n) = -n - 5. Let g be (15/(-5) - -1)/(-2). Let u be (-64)/10 - 14/(-35)*g. Calculate i(u).
1
Let x be 4*5/20*-2. Let t(u) = u**2 - 2*u - 3. Let l(z) = -6*z**2 + 9*z + 15. Let h(s) = 2*l(s) + 11*t(s). Determine h(x).
1
Let s(f) = -11*f**3 - 15*f**2 - 12*f + 28. Let t(a) = -5*a**3 - 8*a**2 - 8*a + 13. Let r(w) = -6*s(w) + 13*t(w). Give r(16).
1
Let u(t) = -4*t**2 - 3*t + 4*t + 3*t**2 - 5 + 0. Suppose 7*b = 10*b + 9. Let m be 5/15 + b/9. What is u(m)?
-5
Let i(z) = -2*z**3 + 84*z**2 + 88*z - 91. Let c be 15/(-10)*(-172)/24*(-5 + 9). What is i(c)?
-5
Let o(g) be the second derivative of -g**4/12 + 5*g**3/3 - g**2/2 - 829*g. Calculate o(8).
15
Let f(n) = -n**2 - 15*n - 5. Let v be -5 + 1 - (-19 + 227)/26. Calculate f(v).
31
Let v(q) = -5*q**3 - q - 1. Let m = -2946 + 2948. Determine v(m).
-43
Let y(h) = 4*h + 19. Let n be y(-7). Let p(l) = -l**2 - 4*l + 5. Let b(t) = 5*t**2 + 15*t - 22. Let u(d) = n*p(d) - 2*b(d). Give u(4).
7
Let b(v) = 14*v + 91. Let k(i) = -5*i - 41. Let p(y) = 6*b(y) + 15*k(y). What is p(7)?
-6
Let x be (391 - 373)*(-2)/(-4). Let p(j) = -j**3 + 11*j**2 - 10*j + 22. Determine p(x).
94
Suppose -4*f - f = 2*w - 3, -5*f - 4*w = -1. Suppose -4 = -5*s + s. Let a(u) = -u - 1. Let r(k) = k**2 - 1. Let z(t) = f*r(t) + s*a(t). What is z(3)?
4
Let n(g) be the first derivative of -4*g**2 - 60*g - 6443. Calculate n(-9).
12
Let x be (180/150)/(4/10). Let i(d) = -1 + 13*d**3 - 21*d**3 + 6*d**3 + 11*d**x. Calculate i(-1).
-10
Let x(n) be the first derivative of -n**4/4 + n**3 + 2*n**2 + 2*n - 1. Let h = -367 - -368. Let l = h - -3. Give x(l).
2
Let d(h) = -h**2 - 8*h + 10. Let m(j) = j**3 - 2*j**2 + 31*j + 68. Let g be m(-2). Calculate d(g).
-10
Let r(m) = m**2 - 2*m. Let a(u) = -38*u**3 - u**2 + 2*u - 1. Let z be a(1). Let c = z + 43. Suppose -2*f - 9 = -c*f. Give r(f).
3
Suppose h - 13 = -5*z + 2, 2*z + 5*h = 6. Let p be (-8 + -1)/(12/(-8)). Let a(o) = -p*o + z + 4*o**2 + 9*o + o**3 + o. Determine a(-2).
3
Let b(p) = -p**3 - 11*p**2 - 10*p. Let j be b(-10). Let s(l) = 8*l + 4*l**2 + j*l + 5*l - 19*l + l**3. Let r = 7 + -12. What is s(r)?
5
Let t(w) = 2*w**2 - 84*w - w**3 + 0*w**2 + 3*w**2 + 75*w. Determine t(4).
-20
Let o(p) be the first derivative of -9*p**2 - 114*p - 963. What is o(-6)?
-6
Let g be -4*1/(-3)*-51. Let f = -65 - g. Let q(t) = -15*t - t**f - 3 - 5*t**2 + 8*t + 14*t + 1. Calculate q(-6).
-8
Let f(a) = -a**2 + a + 6. Let x(g) = -7*g**2 + 75*g - 20. Let t(y) = 9*y**2 - 76*y + 21. Let q(j) = -6*t(j) - 7*x(j). Let d be q(-14). Determine f(d).
6
Let f(w) = 2*w**2 + 50*w + 43. Let h(t) = -2*t**2 - 51*t - 44. Let c(l) = -5*f(l) - 4*h(l). Let q be c(-22). Let z(y) = -y**3 + 4*y**2 + 8*y - 5. What is z(q)?
10
Let h(w) be the third derivative of -w**5/30 - w**4/4 + w**3/6 + 61*w**2 + w. Calculate h(-5).
-19
Let q(a) = -5*a - 3. Let u(t) = 15*t - 19. Let c(b) = 4*q(b) + u(b). What is c(0)?
-31
Let r be (4 + -1 + -9)/(-2). Let m(t) = 2*t - 10*t - 8*t**2 - 4 - 5*t**3 + 4*t**r. Let x(k) = 2*k + 1. Let v be x(-4). Calculate m(v).
3
Let h(q) = -q**2 - 5*q + 15. Let l(n) = 2*n**3 - 27*n**2 + 10*n + 42. Let b be l(13). Suppose b*o - f + 19 = 0, -2*o + 9*f - 10 = 7*f. What is h(o)?
1
Suppose -5*n + 4*y = -50, 4*n - 3*y - 34 = -y. Let w(h) be the third derivative of h**5/60 - h**4/8 - 7*h**3/3 - 2*h**2 - 30100. Determine w(n).
4
Let m(r) be the third derivative of -5*r**4/8 + r**3/6 + 15*r**2 + 13*r. Determine m(2).
-29
Let n(b) be the first derivative of b**2/2 + 31*b + 1458. Give n(14).
45
Let f(i) = -108*i**3 - 3 - 26 + 29*i**2 + 28*i - 108*i**3 - 117*i**3 + 334*i**3. Determine f(-28).
-29
Suppose -23 = -c + 5*s, -4*c + s - 4 = -1. Let h(p) = -38*p**2 + 265*p - 8. Let j(d) = -6*d**2 + 41*d - 1. Let k(n) = -2*h(n) + 13*j(n). Calculate k(c).
-11
Let w(k) = 2*k**3 - 10*k**2 + 16*k - 25. Let t(g) = 6*g**3 - 19*g**2 + 34*g - 49. Let r(d) = 2*t(d) - 5*w(d). Calculate r(-7).
13
Let b(a) = -5*a - 61. Let n(o) = 21*o + 244. Let i(r) = -9*b(r) - 2*n(r). Let p be i(-12). Let c(u) = -2*u - 14 + p - 3. Give c(6).
-4
Let k(b) = 3 + 24 + 45 - 17 + 3*b. What is k(-25)?
-20
Let t(a) be the second derivative of a**5/20 - a**4/12 - 59*a**3/6 - 17*a**2/2 + 3351*a. What is t(-7)?
4
Let i(z) = -60 + z**2 + 31 + 6*z + 34. Let l be -4*((-165)/(-12))/(-5). Let s = 7 - l. Give i(s).
-3
Let v(h) = 55*h + 15 - 95*h + 41*h. What is v(23)?
38
Suppose 0 = 3*b - 21 - 3. Let s(m) = b*m**2 - 2 + 12*m**3 - 5 - m - 13*m**3 - 4*m. Let a be s(7). Let n(d) = d**3 - 8*d**2 + 6*d - 2. What is n(a)?
-9
Let v(i) be the first derivative of -5*i**3/3 - i**2 + i + 3. Let l be (12/(-27))/((-14)/(-63)). Give v(l).
-15
Let y(n) be the second derivative of 1/2*n**3 + 33*n + 1/60*n**5 + 0 - 11*n**2 + 1/4*n**4. Let h(v) be the first derivative of y(v). Calculate h(-4).
-5
Let t(j) = j**2 + 26*j - 495. Let n be t(-39). Let h(b) = b**3 - 11*b**2 - 13*b - 3. Give h(n).
-15
Let v be 1*(-215)/(-10)*(4 + -2). Suppose -5*z = v*z - 480. Let i(a) = -3*a + 25. Determine i(z).
-5
Let o(l) = l**2 + 9*l + 12. Let y be o(-8). Let c(n) = y - 4 + 2*n. Let p(f) = f**3 - 16*f**2 - 10*f + 158. Let g be p(16). Give c(g).
-4
Let t(c) = -c**2 + 6*c - 2. Let m = 47 + -44. Suppose 8 = s - 6*h + 4*h, -m*s + 22 = -4*h. Give t(s).
-2
Let l(x) be the second derivative of -5/6*x**3 + 0 + x**2 - 4*x. Let k be 2 - (-2 - 6/(-3)). Calculate l(k).
-8
Let q(u) = -9*u + 2. Let z = -5458 + 5458. Determine q(z).
2
Let q(n) = -40*n**2 + 88*n + 242. Let j(f) = 49*f**2 - 110*f - 303. Let a(v) = -9*j(v) - 11*q(v). Determine a(25).
-10
Let s(q) = -q**3 + 75*q - 89*q + 16 + 22*q. Calculate s(-2).
8
Let u = -152 + 148. Let s(v) = -v - 1 - 3*v**2 + 2*v**2 + 2. What is s(u)?
-11
Let u(j) = -j**3 + 3*j**2 + 3*j - 5. Let f(r) = -16*r - 124. Suppose 0 = 3*z + 118 - 94. Let x be f(z). Calculate u(x).
-9
Suppose 5 = -p + 2*b, -3*p + 88 = -b + 98. Let y(v) = -v**3 - 2*v**2 - 4*v. Give y(p).
21
Let n(i) = -838 - 5*i - 47*i - 64*i - 83 - 13. What is n(-8)?
-6
Let d(a) = -a**2 + 8*a + 6. Let m(z) = -z**2 - 2*z + 9. Suppose -2*o = -o + 9*o. Let t be m(o). Let s be d(t). Let q(g) = 3*g**2 + 4*g + 3. Determine q(s).
18
Suppose -23*b + 78 = -10*b. Let o be b/(-60)*-15*6. Let x(t) = t**3 - 8*t**2 - 11*t - 5. Give x(o).
-23
Let y(t) be the second derivative of -t**3 - 17*t**2/2 + 572*t - 3. What is y(7)?
-59
Let y(m) = 7*m - 23. Suppose 0 = -5*g + 5*w + 60, -w - 27 = -3*g + 5. Give y(g).
47
Let r(v) = -65*v + 13. Let u(x) = 16*x - 3. Let h(f) = -3*r(f) - 13*u(f). Suppose 5*l = 60, 4*z + 99*l = 94*l + 64. Give h(z).
-13
Let u(a) = -11 + 4*a + 12 + 5*a - 19*a + 12*a. Let f = 5 + -14. Give u(f).
-17
Let o(h) = -h**2 + 15*h + 4. Let k(x) = x**3 + x**2 - x + 1. Let u(g) = -4*g**3 - 15*g**2 - 7*g + 21. Let j(z) = 5*k(z) + u(z). Let l be j(11). What is o(l)?
4
Let l(k) = -14 - 37 - 3561*k**2 + 3562*k**2. Determine l(-7).
-2
Let p(i) = -4*i + 2 - 6 + 23*i - 7*i - 10*i. What is p(-4)?
-12
Let z = -391 + 278. Let v = z - -114. Let t(l) = 4*l**3 + 3 - l**2 - 2 + l + 1 - 3. What is t(v)?
3
Let d(q) = q**2 + 14*q - 10. Suppose -137*t = 527 + 1391. Determine d(t).
-10
Let k(p) = 6*p**2 + 65*p - 15. Let f(l) = 7*l**2 + 76*l - 15. Let c(x) = -5*f(x) + 6*k(x). Determine c(-14).
41
Let r(u) = -4*u - 2. Suppose -6*z = 